te the remainder when 754 is divided by o.
119
Let h = -356 - -383. What is the remainder when 124 is divided by h?
16
What is the remainder when 312 is divided by (-4067)/(-35) + -10 + 5/(-25)?
100
Let z(g) = -g**2 - 2*g + 39. Let w be z(0). Suppose -4*v - 7 = -w. Suppose -9*f = -v*f - 9. Calculate the remainder when 25 is divided by f.
7
Let a(n) = 2*n + 25. Let s be a(-15). Let t = s + 21. Suppose 0 = 5*f - 56 - 339. Calculate the remainder when f is divided by t.
15
Let j be (-1)/6*-2*111. Suppose y - 132 = -j. What is the remainder when y is divided by 16?
15
Suppose 0 = -2*h + 2, -4*y = -3*y - h - 2. Suppose -y*p - 168 = -10*p. Suppose 0 = -4*j - j + 45. What is the remainder when p is divided by j?
6
Suppose 0 = 6*h - 5*h - 16. What is the remainder when 741/24 + (-7)/(-56) is divided by h?
15
Let l be 2/(-8) - (49/28 - 2). Suppose -x - 3 + 5 = 0. Suppose l = o - 5*o + x*z + 86, 0 = z - 1. What is the remainder when o is divided by 5?
2
Suppose -3*t - 156 = -3*r, -t + 4*t - 201 = -4*r. What is the remainder when r is divided by 14?
9
Let s(u) = u**2 - 5*u + 2. Let x be s(3). Let y be ((-6)/x)/(2/12). Let z = 2 + y. Calculate the remainder when z is divided by 4.
3
Suppose 3*x = h - 4*h + 15, -4*x + 5*h + 47 = 0. Calculate the remainder when 109 is divided by x.
5
Calculate the remainder when -6*32/24 + 198 is divided by 32.
30
Let x(g) = 17*g**2 + 7*g - 9. Let s(t) = 9*t**2 + 3*t - 4. Let r(i) = -7*s(i) + 4*x(i). What is the remainder when r(3) is divided by 24?
10
Let h(g) = -g**3 - 6*g**2 - 5*g + 5. Suppose 26*x - 27*x = -162. What is the remainder when h(-6) is divided by ((-1)/3)/((-3)/x)?
17
Let j(z) = 8*z - 17. Let w = -1 + 13. Let s be 9/w - 17/(-4). Calculate the remainder when 66 is divided by j(s).
20
Let v = -4 - -9. Let b(m) = -m**3 + 8*m**2 + 2*m. Let o be b(v). Suppose -2*f - 5*s = -85, 6*f - o = 3*f + s. What is the remainder when f is divided by 16?
14
Suppose -6*d + 1070 = 4*d. Suppose 8*g - 53 = d. What is the remainder when 77 is divided by g?
17
Suppose -2*v = 4*y - 62, -2*v - 2*y + 0*y = -52. What is the remainder when 121 is divided by v?
16
Let j(i) = i + 117. What is the remainder when j(21) is divided by 40?
18
Let z be (6/(-5))/((-6)/30). Suppose -4*t + 6 = -z. What is the remainder when (10/(-4))/((-5)/10) is divided by t?
2
Let n = 112 + 280. What is the remainder when n is divided by 21?
14
Suppose -10*t + 246 + 314 = 0. Calculate the remainder when 88 is divided by t.
32
Let m be 1*(42/(-8))/7*8. Let h(q) = 3*q**2 + 10*q + 3. What is the remainder when h(m) is divided by 28?
23
Let h be -12*4/(-16) + -2 + 1. Suppose h*v - 121 = 29. Calculate the remainder when v is divided by 27.
21
Suppose l - 4*l - 2*m = -25, 35 = 3*l + 4*m. Let q be (-8)/4 + 11/(44/160). Let i = -33 + q. What is the remainder when l is divided by i?
0
Let d(j) = j**3 - 2*j**2 + 2*j - 3. Let w be d(3). Let m = w + -6. What is the remainder when 68/m*(-3)/(-1) is divided by 12?
10
Suppose -13 - 10 = -4*d - t, -3*d + 18 = t. Suppose 14 = d*f - 4*f. What is the remainder when 41 is divided by f?
13
Let k(t) = -t**3 - 4*t**2 + 5*t. Let x be k(-5). Let f(o) = 2*o - 6156*o**3 - o + 6155*o**3 + o**2 + 27. Calculate the remainder when 51 is divided by f(x).
24
What is the remainder when 132/30*(2 + 8) is divided by ((-2)/(-4))/((-1)/(-48))?
20
Suppose 0 = 2*s - s - 130. Let x = 10 + s. What is the remainder when x is divided by 37?
29
Suppose -2*p = r + 4 - 11, 4*r = p + 10. Suppose -4*a + a = -3*i + 33, -50 = -4*i + p*a. Calculate the remainder when 37 is divided by i.
9
Let x(c) = 8*c - 8. Let s be (-9)/(-5) - (-5)/(-75)*-3. Suppose s*u = 2*j - 34, -4*u = -6*j + j + 81. What is the remainder when x(7) is divided by j?
9
Let j be (-5)/(15/18)*10/3. Calculate the remainder when j/(-3 + 8) - -46 is divided by 9.
6
Suppose 3*i - 56 = -2*t + 37, 3*t + 4*i - 140 = 0. Suppose 114 = 3*v - t. Calculate the remainder when v is divided by 19.
16
What is the remainder when 107 is divided by (76/8)/(-19)*-76?
31
Let v(a) be the second derivative of -a**5/20 + 11*a**4/12 - 3*a**3/2 + 3*a**2 - 6*a. What is the remainder when 47 is divided by v(10)?
15
Let b(c) = -8*c + 23. Let u(l) = 8*l - 22. Let r(v) = -4*b(v) - 3*u(v). What is the remainder when r(11) is divided by 13?
10
Let v = 960 + -928. Calculate the remainder when 247 is divided by v.
23
Suppose 21*a = 26*a - 25. Suppose -d + 2*d = a. Calculate the remainder when 12 is divided by d.
2
Suppose -5*k + k - 6 = -w, 4*w - 75 = -k. What is the remainder when 31 is divided by w?
13
Let n(i) = -9*i - 12. Let d be n(-2). Suppose -3*l = -d*l + 33. Let g(t) = -10*t + 1. Calculate the remainder when g(-2) is divided by l.
10
Let r(i) = i + 9. Let q(w) = w**3 - 2*w**2 + 3*w. Let u be q(2). Let x = -138 - -142. What is the remainder when r(u) is divided by x?
3
Suppose 8*j = -6*j + 546. Calculate the remainder when j is divided by -1 - -4 - 0/8.
0
Let j = 0 - -5. What is the remainder when 3*(-8)/144 - (-103)/6 is divided by j?
2
Suppose -297*n + 290*n = -308. Calculate the remainder when 88 is divided by n.
0
Suppose 4*k - 4*s = 36, -34*s + 29 = k - 30*s. Calculate the remainder when 90 is divided by k.
12
Suppose -33*m + 30*m = -51. Suppose 34 = -m*q + 19*q. What is the remainder when 47 is divided by q?
13
Suppose 5*q = 3*c + 3*q - 55, 75 = 5*c + 5*q. Calculate the remainder when 76 is divided by c.
8
Let d(a) = a**3 + 13*a**2 + 4*a + 12. Let m(f) = -2*f**3 + 2*f. Suppose 19*c = 21*c - 4. Let j be m(c). What is the remainder when d(j) is divided by 37?
34
Suppose -y + 8*y - 378 = 0. Calculate the remainder when 155 is divided by y.
47
Let p = -26 - -19. What is the remainder when (-2 + 4 + -3)*p is divided by 3?
1
Let v(k) = k**2 - 16*k + 91. Calculate the remainder when 314 is divided by v(14).
62
Let m(q) = 12*q**3 + q**2 - 6*q + 4. Let j be m(1). Suppose j*a + 3 - 36 = 0. Calculate the remainder when 6 is divided by a.
0
Let r(p) = p + 9. Let o be r(-5). Suppose 32 + 33 = g + o*w, 0 = -g + 2*w + 35. Calculate the remainder when g is divided by 12.
9
Suppose 20*o = 19*o, 3*o - 80 = -5*k. Calculate the remainder when 46 is divided by k.
14
Let o = 10 + -7. Suppose -5*z = 20, 3*f + 5 = o*z - 13. Let n = f - -12. What is the remainder when 3 is divided by n?
1
Suppose -276*r = -269*r - 217. What is the remainder when 61 is divided by r?
30
Suppose 18 = g + 2*b + 2*b, -2*g = -b - 18. Calculate the remainder when g is divided by 6.
4
Let c(n) = 2*n**3 + 28*n**2 - 5*n - 3. What is the remainder when c(-14) is divided by 17?
16
Suppose 2*w - 136 = -4*d, 6*d = -4*w + 3*d + 272. Suppose 5*h - 328 + w = 0. Let j = 49 + -22. Calculate the remainder when h is divided by j.
25
What is the remainder when ((-182)/8)/((-21)/168) is divided by 31?
27
Let b be 349/(-6) - 4/(-24). Calculate the remainder when (-7)/42 - (-1370)/12 is divided by (b/(-3))/((-6)/(-9)).
27
Suppose -m + 0*m = -7. Let y = m - -9. What is the remainder when 3 + (-5)/((-5)/26) is divided by y?
13
Suppose -4*x + 236 = k + 84, x - k = 38. What is the remainder when 164 is divided by x?
12
Suppose 8*i = 480 - 64. Suppose 0 = 4*c + 2*h + 2*h - 40, -2*c + 15 = -3*h. Calculate the remainder when i is divided by c.
7
Suppose 117 = 7*r - 4*r. Calculate the remainder when r is divided by 21/2 - 2/4.
9
Suppose -4*v = -4*z + 136, 4*v + 90 = 5*z - 77. Calculate the remainder when 254 is divided by z.
6
Suppose 9*x = 251 + 289. Let w = x - 42. Let q(g) = 4*g**2 - g. What is the remainder when q(3) is divided by w?
15
Let v(g) = g**2 - 8*g + 4. Let z be v(8). Suppose 5*r = -z*t + r + 100, 45 = 2*t + 3*r. Calculate the remainder when 5 is divided by ((-36)/t)/(3/(-10)).
1
Let u = 691 + -678. What is the remainder when 40 is divided by u?
1
Suppose -9 = 334*g - 335*g. What is the remainder when 42 is divided by g?
6
Let b = -13 - -22. Suppose 0 = -2*i - 2*c + 34, i + 0*c - 4*c = 7. What is the remainder when i is divided by b?
6
Let q = -7 - 3. Let y = 42 - q. What is the remainder when y is divided by 14?
10
Let y(r) = -r - 8. Let x be y(-2). What is the remainder when 19 is divided by (-3)/(x/10) + (-6)/(-2)?
3
Let f(j) = 3*j**2 + 57*j + 8. Calculate the remainder when f(-20) is divided by (0 + -1)/((-4)/140).
33
Let c(i) = -i**3 - 4*i**2 + 2. Let g be c(-4). Le